n a composite number?
False
Let z(y) = -y**3 - 10*y**2 - 8*y + 10. Let o be z(-6). Let r = 1311 - o. Is r composite?
True
Let m(z) = -38*z**3 + 4*z**2 + 2*z - 1. Is m(-3) prime?
False
Is 2*130225/(-20)*(-12)/10 a composite number?
True
Is 73831/8 + -1 + 9/8 a prime number?
False
Let u(j) = 6*j**2 + 10*j - 7. Let r(b) = b**2 + b - 1. Let h(t) = -5*r(t) + u(t). Let x be h(-7). Suppose 242 = -x*q + 14*q. Is q a prime number?
False
Let q(w) = w**3 + 8*w**2 - 12*w + 7. Let t(o) = -o**3 + 10*o**2 - 11*o + 9. Let p be -2 - (-3 + 4) - -12. Let b be t(p). Is q(b) prime?
False
Let v(x) = x**3 - 4*x**2 + 2*x + 7. Let k be v(3). Is k/(-24) - 4526/(-12) a composite number?
True
Let k = -41 - -51. Is k/(-50) + 1536/5 a composite number?
False
Let d = -781 + -563. Let j = -557 - d. Is j a prime number?
True
Let j be (15 + (-1 - 1))*5. Suppose u - 346 = m, -342 = -3*u + 2*u - 3*m. Suppose -g - 4*l = -j, -5*g + l + u = -g. Is g a prime number?
False
Let f(w) = -3*w**3 + 16*w**2 - 12*w - 11. Is f(-12) a prime number?
True
Suppose -4*u + 5*u = 13052. Suppose -4*j + u = 1600. Is j a prime number?
False
Let d = 37 - 37. Suppose d = 3*s - 3, -s - 1983 = -3*t + 2213. Is t composite?
False
Suppose 4*w - p - 22 = 0, -p + 4*p - 24 = -3*w. Suppose 22 = 4*d + w. Suppose 3*s - 520 = -d*x + 2*s, -2*x - 3*s + 250 = 0. Is x a prime number?
True
Let m(l) = -l**3 + 11*l**2 - 12*l + 11. Suppose r + c = 3, -2*r + 2*c + 22 = -0*r. Is m(r) a prime number?
False
Let q = 61 - 56. Suppose -r = -f - 2*r + 449, 4*f - 1796 = q*r. Is f a composite number?
False
Let l = 31819 - 10470. Is l prime?
False
Suppose 5*b = 3*p - 6487, p + p + 5*b = 4308. Is p prime?
False
Suppose 3783 - 88 = 5*r. Is r composite?
False
Suppose -4*v - 3*r + 11 = 0, 2*r + 5 = 3*v + r. Suppose 0 = v*u - 3*u. Suppose u*k + k = 25. Is k composite?
True
Let x be ((-3 + 3)/(-1))/(-2). Let q be 1/(1/2 + x). Suppose -2*i - s = -251, -3*i - 3*s = q*s - 366. Is i composite?
False
Suppose 5*x - 23 - 2 = 0. Suppose 0 = -9*p + x*p + 9580. Is p prime?
False
Let j be (-2 - -3) + (5 - (-2)/2). Suppose -9*s + 2510 = -j*s. Is s prime?
False
Suppose -974 = 7*t + 146. Let o = t - -281. Is o a composite number?
True
Suppose n - w - 919 = 0, 2*w + 924 = 5*n - 4*n. Is n prime?
False
Suppose 4*p = -2*t + 34254, 2*t + 8560 = p - t. Is p a composite number?
False
Let y(s) = -2*s**3 - 3*s**2 + 5*s + 1. Let l be y(-6). Let q = 327 + l. Suppose -4*n + 270 = -q. Is n a prime number?
True
Let g = -79 + 67. Let a = g - -125. Is a prime?
True
Let p(l) = l**2 - 6*l + 10. Suppose 5*z + 12 = 3*x, x - 4*x + 2*z = -21. Suppose -6*n = -7*n + x. Is p(n) composite?
False
Let v(k) = -81*k + 2. Let i be v(-7). Let b(m) = -15*m + 154. Let a be b(28). Let z = a + i. Is z prime?
False
Let p(f) = -5*f**3 - 3*f**2 - 5*f - 21. Suppose 4*j = -j + 35. Let q(y) = 2*y**3 + y**2 + 2*y + 10. Let w(b) = j*q(b) + 3*p(b). Is w(-7) a prime number?
False
Let t(f) = 286*f - 12. Let l(w) = -w + 1. Let k(r) = -5*l(r) - t(r). Let d be 4/((-24)/9 + 2). Is k(d) a composite number?
False
Let u(q) = 2*q**2 - 18*q + 1. Let w be u(9). Let j(a) = 85*a**2 + 3*a - 3. Is j(w) a prime number?
False
Is (699/(-6))/(4/(-8)) composite?
False
Let u(n) = 4*n - 18. Let q be u(5). Suppose -z = -5*o + 1268, -q*z - 250 = -2*o + o. Is o composite?
True
Let r(i) = -i**3 - 9*i**2 - 5*i + 28. Let u be r(-8). Is 223*(-3)/(-12)*u composite?
False
Let p(q) = q - 5 + 11 + 7 + 4. Let s be p(-14). Suppose -3*k = -3*b - 678, 0 = -s*k - 4*b - 113 + 770. Is k a prime number?
True
Let r = 11985 - 4322. Is r a composite number?
True
Suppose -29*j + 4*j + 497525 = 0. Is j composite?
True
Suppose 3*p + 2 - 11 = 0. Suppose p*y + 302 = -91. Is (y/(-2))/(3/6) composite?
False
Suppose -66 - 63 = -3*a. Suppose 168 - a = 5*k. Let s = -4 + k. Is s prime?
False
Is (-102834)/(-406) + 12/7 + -2 a prime number?
False
Suppose -4*b + 1 + 1 = t, -3*t + 6 = -2*b. Suppose b = 2*n - 0 - 8. Suppose -1279 = -5*a - n*c, 5*a - 3*a - 502 = -4*c. Is a a prime number?
False
Let m be 8 + 156/(-20) + (-1)/5. Suppose l + m + 1 = 0, -3*s + 9575 = 4*l. Is s prime?
False
Suppose -3*b = -7*b + 34828. Is b a prime number?
True
Let v(r) = r**2 - 4*r - 1. Let m be v(4). Is (0/m - (-28)/(-8))*-58 prime?
False
Let l(j) = 28*j - 4. Let w be (-160)/(-12) - (-1)/(-3). Let d be l(w). Let p = 901 - d. Is p composite?
False
Let s(d) = d**2 - 25*d + 4. Let p be s(25). Suppose 2865 = k + p*k. Is k composite?
True
Let t(d) = d**3 - 3*d**2 - 6*d + 5. Let b be t(4). Is (b/3 - -4) + 124 composite?
False
Suppose -31 = 3*n + 77. Let b be n/(-8)*(-8)/6. Let d(u) = -197*u - 11. Is d(b) composite?
False
Let f(a) = 656*a - 895. Is f(16) a prime number?
True
Let r be ((-1)/2)/(2/(-4)). Is -9 - -11 - r*-1095 a composite number?
False
Let s(x) = 18*x**2 - x - 7. Let k(a) = -7*a - 3. Let z be k(-1). Suppose p + 14 = -z*i, i = -4*p - 0*i + 19. Is s(p) prime?
False
Let w(q) = -127*q - 141. Is w(-34) prime?
True
Let r(v) be the third derivative of -85*v**4/12 - 13*v**3/6 + 7*v**2. Is r(-8) prime?
False
Suppose j - 2*g - 1735 = 0, 11*j - 6*j + g - 8708 = 0. Is j composite?
False
Suppose 5*k = -5*z + 30 + 25, -2*k + 3*z + 17 = 0. Suppose 1886 + 579 = -5*g + o, -2*o = -k. Let s = -241 - g. Is s composite?
False
Let i(r) = 452*r - 1. Let d be (0 - -1)/((-7)/(-14)). Let t be i(d). Suppose 4*v - t = v. Is v a composite number?
True
Let d(m) = m**3 + 10*m**2 + 10*m + 13. Let y be -27*2*3/18. Let f be d(y). Is (-4 - -4 - -109) + f prime?
True
Let c(g) = -33*g**2 + 4*g + 2. Let f(u) = 33*u**2 - 3*u - 2. Let n(b) = 2*c(b) + 3*f(b). Let q be n(-3). Suppose -2*a + 4*a - q = 0. Is a composite?
False
Let i = -60 - -65. Suppose i*j - 4*v = 1443, 4*j + 3*v - 432 - 741 = 0. Is j a composite number?
True
Let m(l) = l - 7. Let o be m(7). Suppose o = -3*k - 1 + 16. Suppose k*p - 158 = 3*p. Is p a composite number?
False
Suppose -3*z - 26 = -z. Let q = z - -13. Suppose q = 11*w - 10*w - 303. Is w a composite number?
True
Suppose -7*x = -3*x - 28. Let d = x + -12. Is (d/(-10))/(1/12) composite?
True
Suppose -q + 150 = -51. Let x = 412 - q. Is x a prime number?
True
Suppose 4*u = -o + 1477, -3*u = 3*o - 0*u - 4476. Is o composite?
True
Suppose 0 = -h + 5*i + 3346 - 1032, 4*h + i - 9361 = 0. Is h composite?
False
Suppose 39*j = 61*j - 650474. Is j composite?
False
Suppose -d + 4*d = -5*a + 109, 52 = 2*a + 4*d. Let z = a - 14. Suppose 1167 = z*t - 3*t. Is t a prime number?
True
Let o(x) = -6554*x - 131. Is o(-8) composite?
False
Suppose -4*y - y - 34 = -2*j, 5*j - 108 = y. Let r = j + -22. Suppose r = -5*g + 53 + 642. Is g a prime number?
True
Let o = 721 - 26. Let k = o - 366. Is k a composite number?
True
Let k(t) = -t**2 - 12 + 27 - 10*t + 11*t**2 + t**3. Let b be k(-11). Let u(c) = 100*c + 3. Is u(b) a composite number?
True
Let u = -41 - -37. Let d(p) = 34*p**2 + 6*p + 7. Is d(u) a prime number?
False
Suppose -8 = 2*k - 22. Suppose -k*x = -4*x, 3*y = -5*x + 6. Suppose -y*p = s - 532, 404 = p + 4*s + 145. Is p a prime number?
False
Let s(z) = z**3 + 14*z**2 + 12*z + 14. Suppose -2*a - 36 = 3*h + 3*a, -a = 2*h + 24. Is s(h) composite?
True
Let l be (-18)/(-12)*4/(-2). Let n be (12/4)/l + 4. Let t(k) = 12*k**3 + 2*k**2 - 1. Is t(n) prime?
False
Let k(t) = -14*t**3 - 3*t**2 + 9*t + 35. Is k(-6) a prime number?
True
Let h = -35 + 37. Suppose 0 = -h*i + 8, -2*y - 4107 = -3*y - 2*i. Is y a prime number?
True
Let r(n) = -202*n**3 + 13*n**2 + 5*n - 1. Is r(-2) a prime number?
True
Suppose 4*q = 3*j + 130, 3*q = 6*j - 2*j + 101. Let z = 62 - q. Is z a composite number?
False
Suppose 2*a + 69 = -17. Let t be (3100/250)/((-4)/(-5) - 1). Let h = a - t. Is h prime?
True
Let x(d) = -4*d + 9*d - 2*d. Let z be x(8). Let i = z - -7. Is i a composite number?
False
Let n(j) = 3*j**2 - 2*j + 2. Let t(g) = -g**2 + g - 1. Let l(q) = 6*n(q) + 11*t(q). Let h be (-2)/9 + 55/45. Is l(h) prime?
True
Suppose u - 6 = -2*u. Let w = -409 - -418. Suppose -29 = -u*j + w. Is j a composite number?
False
Suppose -3*r - 3*c = -6678, r - 3*c - 3166 + 924 = 0. Suppose 0 = 10*y - r - 1560. Is y a composite number?
False
Let x = 12393 + -8011. Suppose 0 = p + p - x. Is p prime?
False
Let k be 18804/10 - -1*10/(-25). Let b = -1339 + k. Is b a prime number?
True
Is ((-152080)/48)/((-1)/3) a prime number?
False
Let v = -2 + 4. Suppo